inder when 87/12*(-60)/(-5) is divided by t(8)?
12
Suppose -511 = -5*k + 3*u - 2*u, 3*u - 321 = -3*k. Let q = k - 1. What is the remainder when q is divided by 35?
32
Let m(f) be the first derivative of -f**4/4 - 5*f**3 - 15*f**2/2 - 4*f - 12. What is the remainder when 49 is divided by m(-14)?
9
Suppose -2*o + 28 = -0*o. Suppose 2*n - 30 = o. Suppose -5*t - q + 326 = 0, 2*t - 199 = -t - 4*q. What is the remainder when t is divided by n?
21
Suppose 375 + 181 = 4*a. What is the remainder when 0 + (a - -4) + 3 is divided by 37?
35
Let p be ((-3)/15*-5)/(-1). Suppose -2*h + 12 = 2*b, -3*b + 3*h = -2*b - 26. Calculate the remainder when 40 - (-1 + p - -2) is divided by b.
7
Let u(r) = -r**3 - r**2 + r - 2. Let l be -1 - (-1 - 15/(-5)). Calculate the remainder when 36 is divided by u(l).
10
Let t(i) = i**2 + 19*i + 25. What is the remainder when 169 is divided by t(-20)?
34
Suppose 16 = 2*s + 2. Suppose 0 = a + 6*a - s. Calculate the remainder when 1 is divided by a.
0
Suppose 4*n + 111 = -p, -2*n = -2*p - 0*p - 212. Let f = 150 + p. Calculate the remainder when f is divided by 23.
20
Suppose 171 = 3*c - 5*d, -3*d + 0 = 9. Calculate the remainder when c is divided by 31.
21
Suppose -13*k = s - 17*k - 211, -5*k = -10. Calculate the remainder when s is divided by 18.
3
Let h be (-2792)/(-14) - -4 - 3/7. Suppose 46 = -201*p + h*p. Calculate the remainder when 62 is divided by p.
16
Let s(i) = -i**2 + 15*i + 6. Let q be s(15). Let c be (9/q)/(2/44). Suppose -3 = -4*b + c. What is the remainder when 44 is divided by b?
8
Let q = -1737 + 1765. What is the remainder when 133 is divided by q?
21
Calculate the remainder when (-4)/1 - -67 - (-3 - 1) is divided by 28.
11
Calculate the remainder when (40/(-4) - -7)*204/(-9) is divided by 18.
14
Suppose -2*z + 1887 = -y, -5*z = 3*y - 3839 - 862. What is the remainder when z is divided by 105?
102
Let q be 20/6*18/15. Suppose -v + 4*a - 16 = 3*a, v + q = -5*a. Calculate the remainder when ((-12)/v)/(2/42) is divided by 10.
8
Suppose -1077 - 606 = -17*c. Calculate the remainder when c is divided by 27.
18
Suppose 40*d - 709 - 1371 = 0. What is the remainder when d is divided by 51?
1
Let q = 390 - 343. Calculate the remainder when q is divided by 4.
3
Suppose 0 = -5*l + 438 + 97. Let d(v) = -v**3 + v + 28. Calculate the remainder when l is divided by d(0).
23
Suppose -3*o + 8 + 7 = 0. Suppose 237 = o*g - 3*d, 1 = -4*d + 5. What is the remainder when g is divided by 7?
6
Let n = 1896 + -899. Calculate the remainder when n is divided by 25.
22
Let c = -3416 - -3545. Let i(m) = -m**3 - 5*m**2 + 2*m + 2. Calculate the remainder when c is divided by i(-6).
25
Let a(j) = 3*j + 37. What is the remainder when 38 is divided by a(-7)?
6
Let w(c) = -c + 38. Let r(h) = h - 19. Let b(i) = 5*r(i) + 3*w(i). What is the remainder when 43 is divided by b(-5)?
7
Suppose 7*v - 3*v = 592. Suppose v = 3*i - 5*c, 0 = -5*c + 3*c + 8. What is the remainder when i is divided by 19?
18
Let l = 242 + -120. Let k = 2360 - 2318. What is the remainder when l is divided by k?
38
Suppose -4 + 4 = -r. Suppose r = 12*u - 213 + 21. What is the remainder when 77 is divided by u?
13
Let c = 32 + -31. Suppose 5*j - c = 29. Suppose -j*k + 1 = -29. What is the remainder when 7 is divided by k?
2
Let i(j) = -j**3 - 7*j**2 - 9*j - 8. Let c be 3/5 - (-6)/15. What is the remainder when (-75)/(-4) + c/4 is divided by i(-6)?
9
Let x be ((-105)/4)/(2/(-8)). Suppose 81 = 3*v - 21. Let l = x - v. Calculate the remainder when l is divided by 18.
17
Suppose -2*x - 102 = -5*v, 133*v = 130*v - 4*x + 56. What is the remainder when 160 is divided by v?
0
Calculate the remainder when 5 - (-7)/21*39 is divided by 10.
8
Let t(k) = k**3 + 15*k**2 - 3*k - 4. What is the remainder when t(-15) is divided by 28?
13
What is the remainder when (9 + -4)*(6 - (-258)/30) is divided by 18?
1
Let t = 477 + -78. Calculate the remainder when t is divided by 10.
9
Let x(u) = u**2 + 5*u + 9. Let d be x(-6). Suppose -6*r - 51 = d. Calculate the remainder when r/(5/(-5)) + -1 is divided by 7.
3
Suppose -5*i = 5*q - 0*q + 20, 0 = -i + q - 2. Let g = 2 - i. What is the remainder when g is divided by (-1)/2*(17 + 1)/(-3)?
2
Suppose -4*a + 3865 = -y, -2743 = -2*a - 5*y - 838. What is the remainder when a is divided by 44?
41
Suppose 1429 = 7*o + 561. Suppose -o = 7*i - 474. Calculate the remainder when i is divided by 13.
11
Let l(m) be the third derivative of m**4/24 + 7*m**3/6 + 21*m**2. What is the remainder when 18 is divided by l(2)?
0
Calculate the remainder when 2 - ((-16)/1 + -7 + 11) is divided by 8.
6
Suppose 4*n = 25 + 51. Let s = -3 + 7. Let o = s + n. What is the remainder when o is divided by 13?
10
Let l = 21 - 21. Suppose 0 = -l*g - 6*g + 240. Suppose -2*x + g = -3*b, 0*x + 31 = x + 4*b. What is the remainder when x is divided by 12?
11
Suppose -33*c + 300 + 129 = 0. Calculate the remainder when c is divided by 8.
5
Calculate the remainder when (-2 + -40)/(((-102)/(-36))/(-17)) is divided by 8.
4
Let m(o) = o + 7. Suppose 4*v + 13 = 41. Calculate the remainder when m(v) is divided by 4.
2
Let t(l) = -3*l**2 - 26*l - 3. Calculate the remainder when 38 is divided by t(-8).
12
Let b(h) = 55*h**2 - 2*h - 3. Calculate the remainder when b(-2) is divided by (-6)/300*-695 + (-5)/(-50).
11
Calculate the remainder when (((-858)/10)/3)/(4/(-20)) is divided by 82.
61
Suppose 0 = -3*d + 15, 2*d - 360 = -5*o + 4*d. Suppose -3*c - o = 73. Let i = c - -69. What is the remainder when 39 is divided by i?
19
Suppose -y = 2*w + 2, 5*y + 0 - 4 = 4*w. Calculate the remainder when w/((-4)/(-252)*-3) is divided by 11.
10
Let m = 808 + -559. Calculate the remainder when m is divided by 25.
24
Let q(v) = 5*v**3 + v - 1. Suppose 0 = 5*a - 3*k - 2 + 3, -5*k = 5*a - 15. Calculate the remainder when 52 is divided by q(a).
2
Suppose -3103*o + 15 = -3098*o. Let p(g) = 2*g**2 - 3*g - 4. Let i be p(3). Let v = i + -2. Calculate the remainder when o is divided by v.
0
Let g = 3776 - 3760. Let n(x) = -25*x + 4. What is the remainder when n(-3) is divided by g?
15
Let j be 58/2 + -5 + 1. Suppose -60 = -3*v - 2*v - 5*b, -5*b = -j. Calculate the remainder when v is divided by 7.
0
Let y(m) = m**2 - 5*m. Let x be y(6). Suppose 0 = -3*t - 2*t + 10. Suppose x = a - t. Calculate the remainder when 15 is divided by a.
7
Let j = -46 - -60. Suppose 5*n + j = 39. Calculate the remainder when 11 is divided by n.
1
Let m(d) = d - 3. Let z be m(1). Let u be ((-10)/(-45))/(z/(-18)). Suppose -9 = -3*b + u*b. Calculate the remainder when 15 is divided by b.
6
Let u(i) = -10*i + 26*i - 18*i. Let z be u(-12). Let n = z - 21. Calculate the remainder when 3 is divided by n.
0
Let j = -21 + 43. Suppose -2*a + 10 + j = 0. Calculate the remainder when (2 + -1)/((-8)/(-632)) is divided by a.
15
Let x(o) = 3*o**3 - 17*o**2 - 3*o - 12. Suppose -3*r + 17 = -4*s, -8*r + 3*r + 17 = -s. Calculate the remainder when x(6) is divided by r.
0
Suppose -2*z + 13 = 2*m + 59, -m + 3*z - 15 = 0. Let j = 12 + m. Let s = j + 20. Calculate the remainder when 21 is divided by s.
10
Let q = 124 - 73. Let w(i) = -i**2 - i + 10. Let b be w(-10). Calculate the remainder when q is divided by (1 - -1) + b/(-5).
15
Let u(c) = -c**3 + 7*c**2 - 6*c - 3. Let i be u(6). Let j = i + -1. Calculate the remainder when 40 is divided by (-28)/(-1)*(-2)/j.
12
Let w = -15 + 24. Suppose 2*b + 2*l - w = -3*l, 4*b = -3*l + 11. Suppose -s + b*s - 40 = 0. What is the remainder when s is divided by 14?
12
Let q(c) = -28*c + 1. Calculate the remainder when q(-1) is divided by 136/(-102)*(-90)/8.
14
Suppose 594 + 1152 = 6*k. What is the remainder when k is divided by 50?
41
Let p = 28 - 2. Suppose -1490 = k + 2*b, k - b + 1493 = -2*b. What is the remainder when (-1)/(-5) + k/(-20) is divided by p?
23
Let g = 23 - 33. Calculate the remainder when 27 is divided by (6/(-4))/(1/g).
12
Let h = 985 + -972. Calculate the remainder when 1115 is divided by h.
10
Let k(s) = -s**3 - 3*s**2 + 4*s + 4. Let z be k(-4). Suppose m + 319 = 2*a + z*m, 0 = 4*m - 4. Calculate the remainder when a is divided by 40.
38
Suppose 0 = -c - 3*q + 28, -16*c + 21*c + 4*q = 151. What is the remainder when 179 is divided by c?
24
Suppose -k - 3*i = -19, -3*i = 5*k + 2*i - 105. Suppose -o - 5*h = -62, -65*